{"id":1549,"date":"2020-10-21T13:37:58","date_gmt":"2020-10-21T13:37:58","guid":{"rendered":"http:\/\/www.blekingesf.se\/bokhandel\/?post_type=product&#038;p=1549"},"modified":"2026-03-11T19:51:36","modified_gmt":"2026-03-11T19:51:36","slug":"en-slaktberattelse-fran-blekinge","status":"publish","type":"product","link":"https:\/\/www.blekingesf.se\/bokhandel\/produkt\/en-slaktberattelse-fran-blekinge\/","title":{"rendered":"En sl\u00e4ktber\u00e4ttelse fr\u00e5n Blekinge"},"content":{"rendered":"<p>Detta \u00e4r en sl\u00e4kber\u00e4ttelse som har kommit att handla om f\u00f6rf\u00e4derna till oss syskon: Inga, Lennart, Roy och Gunilla. Inte s\u00e5 mycket om oss sj\u00e4lva, utan huvudsakligen om v\u00e5ra f\u00f6r\u00e4ldrar, deras syskon med familjer samt v\u00e5ra far- och morf\u00f6r\u00e4ldrar och deras bakgrund.<\/p>\n<p>H\u00e4ndelser och personer levde och verkade i f\u00f6rsta hand i \u00d6stra h\u00e4rad i Blekinge och Gemla i Sm\u00e5land.<\/p>\n","protected":false},"excerpt":{"rendered":"<p>Detta \u00e4r en sl\u00e4kber\u00e4ttelse som har kommit att handla om f\u00f6rf\u00e4derna till oss syskon: Inga, Lennart, Roy och Gunilla. Inte s\u00e5 mycket om oss sj\u00e4lva, utan huvudsakligen om v\u00e5ra f\u00f6r\u00e4ldrar, deras syskon med familjer samt v\u00e5ra far- och morf\u00f6r\u00e4ldrar och deras bakgrund. H\u00e4ndelser och personer levde och verkade i f\u00f6rsta hand i \u00d6stra h\u00e4rad i [&hellip;]<\/p>\n","protected":false},"featured_media":1546,"template":"","meta":[],"product_cat":[47,52,84],"product_tag":[],"class_list":{"0":"post-1549","1":"product","2":"type-product","3":"status-publish","4":"has-post-thumbnail","6":"product_cat-nyheter","7":"product_cat-bocker","8":"product_cat-ostra-harad","10":"first","11":"instock","12":"shipping-taxable","13":"purchasable","14":"product-type-simple"},"_links":{"self":[{"href":"https:\/\/www.blekingesf.se\/bokhandel\/wp-json\/wp\/v2\/product\/1549"}],"collection":[{"href":"https:\/\/www.blekingesf.se\/bokhandel\/wp-json\/wp\/v2\/product"}],"about":[{"href":"https:\/\/www.blekingesf.se\/bokhandel\/wp-json\/wp\/v2\/types\/product"}],"wp:featuredmedia":[{"embeddable":true,"href":"https:\/\/www.blekingesf.se\/bokhandel\/wp-json\/wp\/v2\/media\/1546"}],"wp:attachment":[{"href":"https:\/\/www.blekingesf.se\/bokhandel\/wp-json\/wp\/v2\/media?parent=1549"}],"wp:term":[{"taxonomy":"product_cat","embeddable":true,"href":"https:\/\/www.blekingesf.se\/bokhandel\/wp-json\/wp\/v2\/product_cat?post=1549"},{"taxonomy":"product_tag","embeddable":true,"href":"https:\/\/www.blekingesf.se\/bokhandel\/wp-json\/wp\/v2\/product_tag?post=1549"}],"curies":[{"name":"wp","href":"https:\/\/api.w.org\/{rel}","templated":true}]}}

En släktberättelse från Blekinge

<p>Detta är en släkberättelse som har kommit att handla om förfäderna till oss syskon: Inga, Lennart, Roy och Gunilla. Inte så mycket om oss själva, utan huvudsakligen om våra föräldrar, deras syskon med familjer samt våra far- och morföräldrar och deras bakgrund.</p>
<p>Händelser och personer levde och verkade i första hand i Östra härad i Blekinge och Gemla i Småland.</p>

<p>Detta är en släkberättelse som har kommit att handla om förfäderna till oss syskon: Inga, Lennart, Roy och Gunilla. Inte så mycket om oss själva, utan huvudsakligen om våra föräldrar, deras syskon med familjer samt våra far- och morföräldrar och deras bakgrund. Händelser och personer levde och verkade i första hand i Östra härad i [&hellip;]</p>
