{"id":191,"date":"2016-11-25T22:41:44","date_gmt":"2016-11-25T22:41:44","guid":{"rendered":"http:\/\/www.blekingesf.se\/bokhandeln\/?post_type=product&#038;p=191"},"modified":"2026-03-11T19:14:08","modified_gmt":"2026-03-11T19:14:08","slug":"batsman-i-socknarna-jamshog-och-kyrkhult-1685-1922","status":"publish","type":"product","link":"https:\/\/www.blekingesf.se\/bokhandel\/produkt\/batsman-i-socknarna-jamshog-och-kyrkhult-1685-1922\/","title":{"rendered":"B\u00e5tsm\u00e4n i socknarna J\u00e4msh\u00f6g och Kyrkhult 1685-1922"},"content":{"rendered":"<p>Boken behandlar de villkor som Blekinges b\u00e5tsm\u00e4n levde under i indelningsverket. Samtliga b\u00e5tsm\u00e4n, totalt 1.692 st, med familjer redovisas f\u00f6r varje rusth\u00e5ll i J\u00e4msh\u00f6gs och senare \u00e4ven Kyrkhults socken. H\u00e4r finns ocks\u00e5 avskrifter av b\u00e5tsmanskontrakt, torpsyner och bouppteckningar samt noteringar om bestraffningar s\u00e5v\u00e4l i tj\u00e4nsten som i det civila.<\/p>\n<p>Landsarkivarie Jan Dahlin, LLA: &#8220;&#8230;.Det f\u00f6rtj\u00e4nstfulla arbete med registrering av b\u00e5tsm\u00e4n och beskrivning av det sj\u00f6milit\u00e4ra indelningsverket i J\u00e4msh\u00f6gs och Kyrkhults socknar som utf\u00f6rts av Maj-Britt Sundin kommer d\u00e4rf\u00f6r att bli av utomordentligt stort v\u00e4rde f\u00f6r framtida s\u00e5v\u00e4l milit\u00e4rhistorisk som person- och lokalhistorisk forskning i Blekinge&#8221;<\/p>\n","protected":false},"excerpt":{"rendered":"<p><strong>Av:<\/strong>\u00a0Maj-Britt Sundin<br \/>\n<strong>\u00c5r:<\/strong> 2000<\/p>\n<p>Boken behandlar de villkor som Blekinges b\u00e5tsm\u00e4n levde under i indelningsverket. Samtliga b\u00e5tsm\u00e4n, totalt 1.692 st, med familjer redovisas f\u00f6r varje rusth\u00e5ll i J\u00e4msh\u00f6gs och senare \u00e4ven Kyrkhults socken.<\/p>\n<p>&nbsp;<\/p>\n","protected":false},"featured_media":108,"template":"","meta":[],"product_cat":[52,83],"product_tag":[41,42,43,44],"class_list":{"0":"post-191","1":"product","2":"type-product","3":"status-publish","4":"has-post-thumbnail","6":"product_cat-bocker","7":"product_cat-listers-harad","8":"product_tag-batsman","9":"product_tag-jamshog","10":"product_tag-kyrkhult","11":"product_tag-listers-harad","13":"first","14":"instock","15":"shipping-taxable","16":"purchasable","17":"product-type-simple"},"_links":{"self":[{"href":"https:\/\/www.blekingesf.se\/bokhandel\/wp-json\/wp\/v2\/product\/191"}],"collection":[{"href":"https:\/\/www.blekingesf.se\/bokhandel\/wp-json\/wp\/v2\/product"}],"about":[{"href":"https:\/\/www.blekingesf.se\/bokhandel\/wp-json\/wp\/v2\/types\/product"}],"wp:featuredmedia":[{"embeddable":true,"href":"https:\/\/www.blekingesf.se\/bokhandel\/wp-json\/wp\/v2\/media\/108"}],"wp:attachment":[{"href":"https:\/\/www.blekingesf.se\/bokhandel\/wp-json\/wp\/v2\/media?parent=191"}],"wp:term":[{"taxonomy":"product_cat","embeddable":true,"href":"https:\/\/www.blekingesf.se\/bokhandel\/wp-json\/wp\/v2\/product_cat?post=191"},{"taxonomy":"product_tag","embeddable":true,"href":"https:\/\/www.blekingesf.se\/bokhandel\/wp-json\/wp\/v2\/product_tag?post=191"}],"curies":[{"name":"wp","href":"https:\/\/api.w.org\/{rel}","templated":true}]}}