{"id":1972,"date":"2022-08-09T10:14:12","date_gmt":"2022-08-09T10:14:12","guid":{"rendered":"https:\/\/www.blekingesf.se\/bokhandel\/?post_type=product&#038;p=1972"},"modified":"2026-03-11T19:57:49","modified_gmt":"2026-03-11T19:57:49","slug":"var-bragd","status":"publish","type":"product","link":"https:\/\/www.blekingesf.se\/bokhandel\/produkt\/var-bragd\/","title":{"rendered":"V\u00e5r Bragd"},"content":{"rendered":"<p>V\u00e4rldsomseglingen 1851-53<\/p>\n<p>Den 30 September 1851 seglar den svenska Fregatten Eugenie iv\u00e4g p\u00e5 Sveriges f\u00f6rsta officiella v\u00e4rldsomsegling. I boken ber\u00e4ttas historien om svenskarna, fr\u00e5n \u00d6lands socknar till de l\u00e4rda vetenskapsm\u00e4nnen fr\u00e5n Uppsala, som s\u00e5g v\u00e4rlden. Fr\u00e5n den sv\u00e5ra passagen genom Magellans sund via guldruschen i Kalifornien till de vilda \u00f6arna i Stilla havet.<\/p>\n<p>V\u00e4lkommen ombord och l\u00e4r k\u00e4nna bragdm\u00e4nnen, alltifr\u00e5n b\u00e5tsman Drabant till fysiker Johansson och fartygschefen Virgin.<\/p>\n","protected":false},"excerpt":{"rendered":"<p>V\u00e4rldsomseglingen 1851-53 Den 30 September 1851 seglar den svenska Fregatten Eugenie iv\u00e4g p\u00e5 Sveriges f\u00f6rsta officiella v\u00e4rldsomsegling. I boken ber\u00e4ttas historien om svenskarna, fr\u00e5n \u00d6lands socknar till de l\u00e4rda vetenskapsm\u00e4nnen fr\u00e5n Uppsala, som s\u00e5g v\u00e4rlden. Fr\u00e5n den sv\u00e5ra passagen genom Magellans sund via guldruschen i Kalifornien till de vilda \u00f6arna i Stilla havet. V\u00e4lkommen ombord [&hellip;]<\/p>\n","protected":false},"featured_media":1973,"template":"","meta":[],"product_cat":[47,52],"product_tag":[],"class_list":{"0":"post-1972","1":"product","2":"type-product","3":"status-publish","4":"has-post-thumbnail","6":"product_cat-nyheter","7":"product_cat-bocker","9":"first","10":"instock","11":"shipping-taxable","12":"purchasable","13":"product-type-simple"},"_links":{"self":[{"href":"https:\/\/www.blekingesf.se\/bokhandel\/wp-json\/wp\/v2\/product\/1972"}],"collection":[{"href":"https:\/\/www.blekingesf.se\/bokhandel\/wp-json\/wp\/v2\/product"}],"about":[{"href":"https:\/\/www.blekingesf.se\/bokhandel\/wp-json\/wp\/v2\/types\/product"}],"wp:featuredmedia":[{"embeddable":true,"href":"https:\/\/www.blekingesf.se\/bokhandel\/wp-json\/wp\/v2\/media\/1973"}],"wp:attachment":[{"href":"https:\/\/www.blekingesf.se\/bokhandel\/wp-json\/wp\/v2\/media?parent=1972"}],"wp:term":[{"taxonomy":"product_cat","embeddable":true,"href":"https:\/\/www.blekingesf.se\/bokhandel\/wp-json\/wp\/v2\/product_cat?post=1972"},{"taxonomy":"product_tag","embeddable":true,"href":"https:\/\/www.blekingesf.se\/bokhandel\/wp-json\/wp\/v2\/product_tag?post=1972"}],"curies":[{"name":"wp","href":"https:\/\/api.w.org\/{rel}","templated":true}]}}