{"id":2360,"date":"2026-03-15T17:29:33","date_gmt":"2026-03-15T17:29:33","guid":{"rendered":"https:\/\/www.blekingesf.se\/bokhandel\/?post_type=product&#038;p=2360"},"modified":"2026-03-16T06:28:43","modified_gmt":"2026-03-16T06:28:43","slug":"skriv-for-din-slakt-skriftserie-nr-8","status":"publish","type":"product","link":"https:\/\/www.blekingesf.se\/bokhandel\/produkt\/skriv-for-din-slakt-skriftserie-nr-8\/","title":{"rendered":"Skriv f\u00f6r din sl\u00e4kt &#8211; skriftserie nr 8"},"content":{"rendered":"<p>Handbok f\u00f6r dig som vill skriva din sl\u00e4ktber\u00e4ttelse.<\/p>\n<p>\u00c4ntligen finns Eva Johanssons popul\u00e4ra skrivhandbok f\u00f6r sl\u00e4ktforskare ocks\u00e5 i tryckt form!<\/p>\n<p>\u00c4r du sl\u00e4ktforskare och vill presentera\u00a0din forskning f\u00f6r sl\u00e4kten?\u00a0Skrivhandboken\u00a0<em>Skriv f\u00f6r din sl\u00e4kt!<\/em>\u00a0hj\u00e4lper dig att\u00a0skriva din sl\u00e4kthistoria.<br \/>\nMed skrivhandboken vill f\u00f6rfattaren inspirera dig att\u00a0komma ig\u00e5ng med din sl\u00e4ktber\u00e4ttelse s\u00e5 att du kan\u00a0visa dina resultat f\u00f6r dem som inte sl\u00e4ktforskar\u00a0sj\u00e4lva. Du f\u00e5r skrivtips och v\u00e4gledning, med m\u00e5nga\u00a0exempel fr\u00e5n olika sl\u00e4ktber\u00e4ttelser.<\/p>\n<p>Eva Johansson \u00e4r sl\u00e4ktforskare och frilansjournalist.\u00a0Hon \u00e4r f\u00f6rfattare till handb\u00f6ckerna<em>\u00a0Kom ig\u00e5ng med\u00a0din sl\u00e4ktforskning<\/em>\u00a0och\u00a0<em>Sl\u00e4ktforska om sj\u00f6folk<\/em>\u00a0(Sveriges\u00a0Sl\u00e4ktforskarf\u00f6rbund) och har skrivit flera b\u00f6cker\u00a0om sin egen sl\u00e4kt.<\/p>\n<p>Boken inleds med r\u00e5d om hur man kommer ig\u00e5ng, det som kanske \u00e4r det sv\u00e5raste f\u00f6r m\u00e5nga.\u00a0Du f\u00e5r r\u00e5d om b\u00e5de disposition och inneh\u00e5ll, f\u00f6rslag p\u00e5 hur du kan dela in din ber\u00e4ttelse s\u00e5 att den blir \u00f6versk\u00e5dlig och begriplig ocks\u00e5 f\u00f6r de sl\u00e4ktingar och familjemedlemmar som inte sj\u00e4lva \u00e4r sl\u00e4ktforskare.<\/p>\n<p>Du f\u00e5r tips p\u00e5 hur du kan variera din ber\u00e4ttelse och g\u00f6ra den intressant f\u00f6r dina l\u00e4sare, ett kapitel handlar om skrivandets hantverk och spr\u00e5kriktighet och ett annat handlar om att skapa och trycka en sl\u00e4ktbok.<\/p>\n<p><em>Boken \u00e4r Nr 8 i Sveriges sl\u00e4ktforskarf\u00f6rbund skriftserie.<\/em><\/p>\n","protected":false},"excerpt":{"rendered":"<p>Medlemspris: 159 kr<\/p>\n","protected":false},"featured_media":2350,"template":"","meta":[],"product_cat":[314,47,52,242],"product_tag":[90,328],"class_list":{"0":"post-2360","1":"product","2":"type-product","3":"status-publish","4":"has-post-thumbnail","6":"product_cat-skriftserie","7":"product_cat-nyheter","8":"product_cat-bocker","9":"product_cat-handbocker","10":"product_tag-handbok","11":"product_tag-skriftserie","13":"first","14":"instock","15":"shipping-taxable","16":"purchasable","17":"product-type-simple"},"_links":{"self":[{"href":"https:\/\/www.blekingesf.se\/bokhandel\/wp-json\/wp\/v2\/product\/2360"}],"collection":[{"href":"https:\/\/www.blekingesf.se\/bokhandel\/wp-json\/wp\/v2\/product"}],"about":[{"href":"https:\/\/www.blekingesf.se\/bokhandel\/wp-json\/wp\/v2\/types\/product"}],"wp:featuredmedia":[{"embeddable":true,"href":"https:\/\/www.blekingesf.se\/bokhandel\/wp-json\/wp\/v2\/media\/2350"}],"wp:attachment":[{"href":"https:\/\/www.blekingesf.se\/bokhandel\/wp-json\/wp\/v2\/media?parent=2360"}],"wp:term":[{"taxonomy":"product_cat","embeddable":true,"href":"https:\/\/www.blekingesf.se\/bokhandel\/wp-json\/wp\/v2\/product_cat?post=2360"},{"taxonomy":"product_tag","embeddable":true,"href":"https:\/\/www.blekingesf.se\/bokhandel\/wp-json\/wp\/v2\/product_tag?post=2360"}],"curies":[{"name":"wp","href":"https:\/\/api.w.org\/{rel}","templated":true}]}}