{"id":2363,"date":"2026-03-15T17:38:24","date_gmt":"2026-03-15T17:38:24","guid":{"rendered":"https:\/\/www.blekingesf.se\/bokhandel\/?post_type=product&#038;p=2363"},"modified":"2026-03-15T20:31:48","modified_gmt":"2026-03-15T20:31:48","slug":"slaktforskning-i-norden-danmark","status":"publish","type":"product","link":"https:\/\/www.blekingesf.se\/bokhandel\/produkt\/slaktforskning-i-norden-danmark\/","title":{"rendered":"Sl\u00e4ktforskning i Norden &#8211; Danmark"},"content":{"rendered":"<h3>Sl\u00e4ktforskning i Norden &#8211; Danmark<\/h3>\n<p>Sveriges Sl\u00e4ktforskarf\u00f6rbunds serie om hur du sl\u00e4ktforskar i Norden finns i tre delar\u00a0\u2013 Danmark, Norge (utg\u00e5tt) och Finland (utg\u00e5tt), alla skrivna av erfarna sl\u00e4ktforskare som redog\u00f6r f\u00f6r grundprinciperna och k\u00e4llanv\u00e4ndningen i respektive land.<\/p>\n<p><em>&#8220;En alldeles utm\u00e4rkt introduktion i att hitta r\u00e4tt i sl\u00e4ktforskningens labyrinter&#8221;<\/em>\u00a0\u2013 Anita M\u00f6lder om Sl\u00e4ktforskning i Danmark, BTJ-h\u00e4ftet nr 24, 2015<\/p>\n<h3><strong>Om f\u00f6rfattarna<\/strong><\/h3>\n<p><strong>Rune Nedrud<\/strong>\u00a0(Sl\u00e4ktforskning i Norge) har bland annat varit ordf\u00f6rande i den norska Genealogiska Samfundet och redakt\u00f6r f\u00f6r medlemstidningen Genealogen, medverkat i sl\u00e4ktforskningen i &#8220;Allt f\u00f6r Norge&#8221; i norsk tv och skrivit kursmaterial som anv\u00e4nds i grundl\u00e4ggande norsk sl\u00e4ktforskning.<\/p>\n<p><strong>Gitte Christensen<\/strong>\u00a0(Sl\u00e4ktforskning i Danmark) har suttit i DIS Danmarks styrelse, anordnat kurser i sl\u00e4ktforskning och skrivit flera artiklar i \u00e4mnet. Hon har, tillsammans med Kathrine Tobiasen, \u00e4ven skrivit boken Sl\u00e4ktforskning p\u00e5 n\u00e4tet.<\/p>\n<p><strong>Kathrine Tobiasen<\/strong>\u00a0(Sl\u00e4ktforskning i Danmark) \u00e4r redakt\u00f6r f\u00f6r DIS tidning Sl\u00e6gt &amp; Data och ledamot i f\u00f6reningens styrelse. Hon h\u00e5ller kurser, f\u00f6rel\u00e4sningar och har skrivit flera b\u00f6cker om sl\u00e4ktforskning i Danmark.<\/p>\n<p><strong>ISBN<\/strong>\u00a0978-91-87676-92-5<\/p>\n<p><strong>F\u00f6rfattare<\/strong>\u00a0Gitte Christensen &amp; Kathrine Tobiasen<\/p>\n<p><strong>F\u00f6rlag<\/strong>\u00a0Sveriges Sl\u00e4ktforskarf\u00f6rbund<\/p>\n<p><strong>Antal sidor<\/strong>\u00a064<\/p>\n<p><strong>Bindning<\/strong>\u00a0Limmad<\/p>\n<p>Formul\u00e4rets nederkant<\/p>\n","protected":false},"excerpt":{"rendered":"<p>Pris: 50 kr (ord. pris 99 kr)<\/p>\n","protected":false},"featured_media":2351,"template":"","meta":[],"product_cat":[324,52,242,114],"product_tag":[151,68,90,330],"class_list":{"0":"post-2363","1":"product","2":"type-product","3":"status-publish","4":"has-post-thumbnail","6":"product_cat-ater-i-lager","7":"product_cat-bocker","8":"product_cat-handbocker","9":"product_cat-emigration","10":"product_tag-danmark","11":"product_tag-emigration","12":"product_tag-handbok","13":"product_tag-norden","15":"first","16":"instock","17":"shipping-taxable","18":"purchasable","19":"product-type-simple"},"_links":{"self":[{"href":"https:\/\/www.blekingesf.se\/bokhandel\/wp-json\/wp\/v2\/product\/2363"}],"collection":[{"href":"https:\/\/www.blekingesf.se\/bokhandel\/wp-json\/wp\/v2\/product"}],"about":[{"href":"https:\/\/www.blekingesf.se\/bokhandel\/wp-json\/wp\/v2\/types\/product"}],"wp:featuredmedia":[{"embeddable":true,"href":"https:\/\/www.blekingesf.se\/bokhandel\/wp-json\/wp\/v2\/media\/2351"}],"wp:attachment":[{"href":"https:\/\/www.blekingesf.se\/bokhandel\/wp-json\/wp\/v2\/media?parent=2363"}],"wp:term":[{"taxonomy":"product_cat","embeddable":true,"href":"https:\/\/www.blekingesf.se\/bokhandel\/wp-json\/wp\/v2\/product_cat?post=2363"},{"taxonomy":"product_tag","embeddable":true,"href":"https:\/\/www.blekingesf.se\/bokhandel\/wp-json\/wp\/v2\/product_tag?post=2363"}],"curies":[{"name":"wp","href":"https:\/\/api.w.org\/{rel}","templated":true}]}}