{"id":418,"date":"2017-09-18T19:05:46","date_gmt":"2017-09-18T19:05:46","guid":{"rendered":"http:\/\/www.blekingesf.se\/bokhandel_new\/?post_type=product&#038;p=418"},"modified":"2018-02-25T15:11:52","modified_gmt":"2018-02-25T15:11:52","slug":"familjeliv-hos-den-legendariske-solvesborgsfotografen-j-a-nilson","status":"publish","type":"product","link":"https:\/\/www.blekingesf.se\/bokhandel\/produkt\/familjeliv-hos-den-legendariske-solvesborgsfotografen-j-a-nilson\/","title":{"rendered":"Familjeliv hos den legendariske S\u00f6lvesborgsfotografen J.A. Nilson"},"content":{"rendered":"<p>Familjeliv hos den legendariske S\u00f6lvesborgsfotografen J.A. Nilson<\/p>\n<p>240 bilder skildrar ett liv i S\u00f6lvesborg. Se l\u00e4nken f\u00f6r tidningsartikel i BLT om boken.<\/p>\n<p>&nbsp;<\/p>\n<blockquote class=\"wp-embedded-content\" data-secret=\"3F3c1VxOGy\"><p><a href=\"http:\/\/www.blt.se\/solvesborg\/fotografens-glomda-liv\/\">Fotografens gl\u00f6mda liv<\/a><\/p><\/blockquote>\n<p><iframe loading=\"lazy\" class=\"wp-embedded-content\" sandbox=\"allow-scripts\" security=\"restricted\" style=\"position: absolute; clip: rect(1px, 1px, 1px, 1px);\" src=\"http:\/\/www.blt.se\/solvesborg\/fotografens-glomda-liv\/embed\/#?secret=3F3c1VxOGy\" data-secret=\"3F3c1VxOGy\" width=\"600\" height=\"338\" title=\"&#8221;Fotografens gl\u00f6mda liv&#8221; &#8212; Blekinge L\u00e4ns Tidning\" frameborder=\"0\" marginwidth=\"0\" marginheight=\"0\" scrolling=\"no\"><\/iframe><\/p>\n","protected":false},"excerpt":{"rendered":"<p>Familjeliv hos den legendariske S\u00f6lvesborgsfotografen J.A. Nilson 240 bilder skildrar ett liv i S\u00f6lvesborg. Se l\u00e4nken f\u00f6r tidningsartikel i BLT om boken. &nbsp; Fotografens gl\u00f6mda liv<\/p>\n","protected":false},"featured_media":300,"template":"","meta":[],"product_cat":[52,83],"product_tag":[123,124],"class_list":{"0":"post-418","1":"product","2":"type-product","3":"status-publish","4":"has-post-thumbnail","6":"product_cat-bocker","7":"product_cat-listers-harad","8":"product_tag-fotograf","9":"product_tag-solvesborg","11":"first","12":"instock","13":"shipping-taxable","14":"purchasable","15":"product-type-simple"},"_links":{"self":[{"href":"https:\/\/www.blekingesf.se\/bokhandel\/wp-json\/wp\/v2\/product\/418"}],"collection":[{"href":"https:\/\/www.blekingesf.se\/bokhandel\/wp-json\/wp\/v2\/product"}],"about":[{"href":"https:\/\/www.blekingesf.se\/bokhandel\/wp-json\/wp\/v2\/types\/product"}],"wp:featuredmedia":[{"embeddable":true,"href":"https:\/\/www.blekingesf.se\/bokhandel\/wp-json\/wp\/v2\/media\/300"}],"wp:attachment":[{"href":"https:\/\/www.blekingesf.se\/bokhandel\/wp-json\/wp\/v2\/media?parent=418"}],"wp:term":[{"taxonomy":"product_cat","embeddable":true,"href":"https:\/\/www.blekingesf.se\/bokhandel\/wp-json\/wp\/v2\/product_cat?post=418"},{"taxonomy":"product_tag","embeddable":true,"href":"https:\/\/www.blekingesf.se\/bokhandel\/wp-json\/wp\/v2\/product_tag?post=418"}],"curies":[{"name":"wp","href":"https:\/\/api.w.org\/{rel}","templated":true}]}}