{"id":455,"date":"2017-09-24T18:09:54","date_gmt":"2017-09-24T18:09:54","guid":{"rendered":"http:\/\/www.blekingesf.se\/bokhandel_new\/?post_type=product&#038;p=455"},"modified":"2021-12-30T10:56:29","modified_gmt":"2021-12-30T10:56:29","slug":"slaktgardens-uppkomst-jord-och-marknad-i-skaraborg-1845-1945","status":"publish","type":"product","link":"https:\/\/www.blekingesf.se\/bokhandel\/produkt\/slaktgardens-uppkomst-jord-och-marknad-i-skaraborg-1845-1945\/","title":{"rendered":"Sl\u00e4ktg\u00e5rdens uppkomst: Jord och marknad i Skaraborg 1845-1945"},"content":{"rendered":"<h2>Sl\u00e4ktg\u00e5rdens uppkomst: Jord och marknad i Skaraborg 1845-1945<\/h2>\n<p>Doktorsavhandling<\/p>\n<table>\n<tbody>\n<tr>\n<td><strong>F\u00f6rfattare<\/strong><\/td>\n<td>Martin Dackling<\/td>\n<\/tr>\n<tr>\n<td><strong>Datum f\u00f6r examination<\/strong><\/td>\n<td>2013-12-06<\/td>\n<\/tr>\n<tr>\n<td><strong>Opponent at public defense<\/strong><\/td>\n<td>Sofia Holmlund<\/td>\n<\/tr>\n<tr>\n<td><strong>ISBN<\/strong><\/td>\n<td>978-91-628-8816-9<\/td>\n<\/tr>\n<tr>\n<td><strong>F\u00f6rlag<\/strong><\/td>\n<td>University of Gothenburg<\/td>\n<\/tr>\n<tr>\n<td><strong>F\u00f6rlagsort<\/strong><\/td>\n<td>G\u00f6teborg<\/td>\n<\/tr>\n<tr>\n<td><strong>Publicerings\u00e5r<\/strong><\/td>\n<td>2013<\/td>\n<\/tr>\n<tr>\n<td><strong>Publicerad vid<\/strong><\/td>\n<td>Institutionen f\u00f6r historiska studier<\/td>\n<\/tr>\n<tr>\n<td><strong>Spr\u00e5k<\/strong><\/td>\n<td>sv<\/td>\n<\/tr>\n<tr>\n<td><strong>L\u00e4nkar<\/strong><\/td>\n<td>hdl.handle.net\/2077\/33953<\/td>\n<\/tr>\n<tr>\n<td><strong>\u00c4mnesord<\/strong><\/td>\n<td>family farm, inheritance, land, market, property, marital property, kinship, legal change, embedding, agrarian, Sweden<\/td>\n<\/tr>\n<tr>\n<td><strong>\u00c4mneskategorier<\/strong><\/td>\n<td>Historia och arkeologi,\u00a0Historia,\u00a0R\u00e4ttshistoria<\/td>\n<\/tr>\n<\/tbody>\n<\/table>\n<p>Under 1800-talet omvandlades det svenska agrarsamh\u00e4llet i grunden. Jordbruket blev kommersiellt inriktat, r\u00f6rligheten inom befolkningen \u00f6kade och allt f\u00e4rre fortsatte vara sysselsatta inom jordbruk. Som en konsekvens av f\u00f6r\u00e4ndringarna antas ofta arv och sl\u00e4ktrelationer ha tappat i betydelse med f\u00f6ljden att den sedan generationer bevarade sl\u00e4ktg\u00e5rden blev alltmer s\u00e4llsynt. Jord blev ist\u00e4llet en handelsvara som i allt h\u00f6gre grad \u00f6verf\u00f6rdes p\u00e5 en kommersiell marknad. Efter sekelskiftet 1900 finns emellertid tecken p\u00e5 en annan utveckling. Under mellankrigstiden b\u00f6rjade sl\u00e4ktg\u00e5rdar uppm\u00e4rksammas b\u00e5de i Sverige och andra l\u00e4nder, och senare under 1900-talet tycks det ha varit vanligt att g\u00e5rdar \u00f6verf\u00f6rts inom sl\u00e4kten.<\/p>\n","protected":false},"excerpt":{"rendered":"<p>Medlemspris: 125 kr<\/p>\n","protected":false},"featured_media":396,"template":"","meta":[],"product_cat":[52],"product_tag":[177,152,109,176,178,175],"class_list":{"0":"post-455","1":"product","2":"type-product","3":"status-publish","4":"has-post-thumbnail","6":"product_cat-bocker","7":"product_tag-arkeologi","8":"product_tag-avhandling","9":"product_tag-historia","10":"product_tag-rattshistoria","11":"product_tag-skaraborg","12":"product_tag-slaktgard","14":"first","15":"instock","16":"shipping-taxable","17":"purchasable","18":"product-type-simple"},"_links":{"self":[{"href":"https:\/\/www.blekingesf.se\/bokhandel\/wp-json\/wp\/v2\/product\/455"}],"collection":[{"href":"https:\/\/www.blekingesf.se\/bokhandel\/wp-json\/wp\/v2\/product"}],"about":[{"href":"https:\/\/www.blekingesf.se\/bokhandel\/wp-json\/wp\/v2\/types\/product"}],"wp:featuredmedia":[{"embeddable":true,"href":"https:\/\/www.blekingesf.se\/bokhandel\/wp-json\/wp\/v2\/media\/396"}],"wp:attachment":[{"href":"https:\/\/www.blekingesf.se\/bokhandel\/wp-json\/wp\/v2\/media?parent=455"}],"wp:term":[{"taxonomy":"product_cat","embeddable":true,"href":"https:\/\/www.blekingesf.se\/bokhandel\/wp-json\/wp\/v2\/product_cat?post=455"},{"taxonomy":"product_tag","embeddable":true,"href":"https:\/\/www.blekingesf.se\/bokhandel\/wp-json\/wp\/v2\/product_tag?post=455"}],"curies":[{"name":"wp","href":"https:\/\/api.w.org\/{rel}","templated":true}]}}