{"id":456,"date":"2017-09-24T18:12:14","date_gmt":"2017-09-24T18:12:14","guid":{"rendered":"http:\/\/www.blekingesf.se\/bokhandel_new\/?post_type=product&#038;p=456"},"modified":"2024-01-21T08:16:03","modified_gmt":"2024-01-21T08:16:03","slug":"smedsforska","status":"publish","type":"product","link":"https:\/\/www.blekingesf.se\/bokhandel\/produkt\/smedsforska\/","title":{"rendered":"Smedsforska!"},"content":{"rendered":"<h3>Smedforska!<\/h3>\n<div class=\"productdescrlong\">\n<p>Den femte boken i Sveriges Sl\u00e4ktforskarf\u00f6rbunds handboksserie hj\u00e4lper dig att ta reda p\u00e5 mer om smederna i sl\u00e4kten.<\/p>\n<p>Om en smed dyker upp i kyrkb\u00f6ckerna, kan det finnas n\u00e5got dokument bevarat om honom i sl\u00e4kten? Hur g\u00e5r man vidare f\u00f6r att sp\u00e5ra denna flyttben\u00e4gna grupp och hur hittar man detaljer om hans arbete? Svaren p\u00e5 dessa och m\u00e5nga andra fr\u00e5gor om smeder finns i denna bok.<\/p>\n<p>H\u00e4r f\u00e5r du tips om valloner och andra tidiga smeder, invandrade eller svenska, om smedernas arbete under olika tider och om hur man i sen tid ibland kan finna de p\u00e5 bild.<\/p>\n<p>&nbsp;<\/p>\n<\/div>\n","protected":false},"excerpt":{"rendered":"<p>Medlemspris: 225 kr<\/p>\n","protected":false},"featured_media":356,"template":"","meta":[],"product_cat":[52],"product_tag":[90,179,180,181],"class_list":{"0":"post-456","1":"product","2":"type-product","3":"status-publish","4":"has-post-thumbnail","6":"product_cat-bocker","7":"product_tag-handbok","8":"product_tag-smed","9":"product_tag-vallon","10":"product_tag-valloner","12":"first","13":"instock","14":"shipping-taxable","15":"purchasable","16":"product-type-simple"},"_links":{"self":[{"href":"https:\/\/www.blekingesf.se\/bokhandel\/wp-json\/wp\/v2\/product\/456"}],"collection":[{"href":"https:\/\/www.blekingesf.se\/bokhandel\/wp-json\/wp\/v2\/product"}],"about":[{"href":"https:\/\/www.blekingesf.se\/bokhandel\/wp-json\/wp\/v2\/types\/product"}],"wp:featuredmedia":[{"embeddable":true,"href":"https:\/\/www.blekingesf.se\/bokhandel\/wp-json\/wp\/v2\/media\/356"}],"wp:attachment":[{"href":"https:\/\/www.blekingesf.se\/bokhandel\/wp-json\/wp\/v2\/media?parent=456"}],"wp:term":[{"taxonomy":"product_cat","embeddable":true,"href":"https:\/\/www.blekingesf.se\/bokhandel\/wp-json\/wp\/v2\/product_cat?post=456"},{"taxonomy":"product_tag","embeddable":true,"href":"https:\/\/www.blekingesf.se\/bokhandel\/wp-json\/wp\/v2\/product_tag?post=456"}],"curies":[{"name":"wp","href":"https:\/\/api.w.org\/{rel}","templated":true}]}}