{"id":476,"date":"2017-09-25T18:47:39","date_gmt":"2017-09-25T18:47:39","guid":{"rendered":"http:\/\/www.blekingesf.se\/bokhandel_new\/?post_type=product&#038;p=476"},"modified":"2026-03-11T20:20:31","modified_gmt":"2026-03-11T20:20:31","slug":"brakne-harad-dombok-1700-1750","status":"publish","type":"product","link":"https:\/\/www.blekingesf.se\/bokhandel\/produkt\/brakne-harad-dombok-1700-1750\/","title":{"rendered":"Br\u00e4kne h\u00e4rad dombok 1700-1750"},"content":{"rendered":"<h3>Br\u00e4kne h\u00e4rads dombok 1700-1750<\/h3>\n<p>En dombok ber\u00e4ttar om allmogens liv; Fylleri, slagsm\u00e5l, g\u00e5rdsk\u00f6p, arv, hor, krig med mera. Ingen annanstans f\u00e5r du s\u00e5 s\u00e5 mycket information om dina f\u00f6rf\u00e4der. Domb\u00f6ckerna blir extra viktiga d\u00e5 kyrkb\u00f6ckerna inte l\u00e4ngre existerar, m\u00e5nga g\u00e5nger s\u00e5 l\u00e5ngt tillbaka i tiden. Inneh\u00e5ller cirka 14 000 m\u00e5l och cirka 42 000 personer. Format; Databas som installeras i din dator, runtime.<\/p>\n<p>Viktig teknisk information. Det \u00e4r mer \u00e4n 10 \u00e5r sedan databaserna med Domb\u00f6ckerna producerades. Under denna tid har tekniken och formaten rusat fram\u00e5t, som led i denna utveckling kan funktionen av Domb\u00f6ckerna p\u00e5verkas till det s\u00e4mre. Det vi kan erbjuda som kompensation \u00e4r Domb\u00f6ckerna som PDF-filer, rena textfiler. Med PDF-formatet kan filtrerade s\u00f6kningar g\u00f6ras, vilket underl\u00e4ttar d\u00e5 det handlar om 500 sidor text f\u00f6r 1600-talet och 1000 sidor text f\u00f6r 1700-talet. PDF-filerna levereras via e-post.<\/p>\n","protected":false},"excerpt":{"rendered":"<p>Av Per Fr\u00f6dholm och Vanja Stjernberg (cd 2003)<\/p>\n","protected":false},"featured_media":644,"template":"","meta":[],"product_cat":[53,82],"product_tag":[],"class_list":{"0":"post-476","1":"product","2":"type-product","3":"status-publish","4":"has-post-thumbnail","6":"product_cat-cddvd","7":"product_cat-brakne-harad","9":"first","10":"instock","11":"shipping-taxable","12":"purchasable","13":"product-type-simple"},"_links":{"self":[{"href":"https:\/\/www.blekingesf.se\/bokhandel\/wp-json\/wp\/v2\/product\/476"}],"collection":[{"href":"https:\/\/www.blekingesf.se\/bokhandel\/wp-json\/wp\/v2\/product"}],"about":[{"href":"https:\/\/www.blekingesf.se\/bokhandel\/wp-json\/wp\/v2\/types\/product"}],"wp:featuredmedia":[{"embeddable":true,"href":"https:\/\/www.blekingesf.se\/bokhandel\/wp-json\/wp\/v2\/media\/644"}],"wp:attachment":[{"href":"https:\/\/www.blekingesf.se\/bokhandel\/wp-json\/wp\/v2\/media?parent=476"}],"wp:term":[{"taxonomy":"product_cat","embeddable":true,"href":"https:\/\/www.blekingesf.se\/bokhandel\/wp-json\/wp\/v2\/product_cat?post=476"},{"taxonomy":"product_tag","embeddable":true,"href":"https:\/\/www.blekingesf.se\/bokhandel\/wp-json\/wp\/v2\/product_tag?post=476"}],"curies":[{"name":"wp","href":"https:\/\/api.w.org\/{rel}","templated":true}]}}