{"id":783,"date":"2017-12-04T18:39:17","date_gmt":"2017-12-04T18:39:17","guid":{"rendered":"http:\/\/www.blekingesf.se\/bokhandel\/?post_type=product&#038;p=783"},"modified":"2025-09-06T09:55:47","modified_gmt":"2025-09-06T09:55:47","slug":"hobybygden-2015","status":"publish","type":"product","link":"https:\/\/www.blekingesf.se\/bokhandel\/produkt\/hobybygden-2015\/","title":{"rendered":"Hobybygden 2015"},"content":{"rendered":"<h3>Hobybygden 2015<\/h3>\n<p>Inneh\u00e5ll:<\/p>\n<p>Blekingeposten 70 \u00e5r av Claes Elmstedt<\/p>\n<p>Teklas barn- och ungdomstid i Tokaryd av Ingrid Bengtsson<\/p>\n<p>Hoby i mitt hj\u00e4rta av Bodil Str\u00f6mb\u00e4ck<\/p>\n<p>Biograf\u00e4gare Lennart Nilsson ber\u00e4ttar (Intervju)<\/p>\n<p>Salsj\u00f6minnen av Ingvar Hansson<\/p>\n<p>Torpen i Tararp av Inge Nilsson<\/p>\n<p>Domstols- och polishistoria fr\u00e5n Br\u00e4kne-Hoby av Kjell G.G. Johansson<\/p>\n<p>Svenmanska parken av Roland &amp; Eva Gustavsson<\/p>\n<p>Tr\u00e4dg\u00e5rden h\u00e5ller oss i liv, Karl och Wiola Larsson av \u00c5ke Persson<\/p>\n<p>Sonekulla Tr\u00e4dg\u00e5rd av Karl Larsson<\/p>\n<p>Mystiska Tecken i Blekinge &#8211; om Runamo av Rud Kjems<\/p>\n<p>Monumant \u00f6ver m\u00e5nghundra\u00e5rig odlarg\u00e4rning av Georg Svensson<\/p>\n<p>Arkivcentrum Blekinge &#8211; nytt bes\u00f6ksm\u00e5l i Br\u00e4kne Hoby av Per Lundin<\/p>\n<p>Sparbank &#8211; Telegrafstation &#8211; Fullm\u00e4ktigesal &#8211; Bibliotek &#8211; Kulturhus av Klas Wennerberg<\/p>\n<p>L\u00e4ra f\u00f6r livet av Lars Gunnar Nilsson<\/p>\n<p>Br\u00e4knebygden &#8211; Cyklingens &#8220;Mekka&#8221; av Ingegerd Lind\u00e9n<\/p>\n<p>Bygd i Samverkan under fyra \u00e5r av Ola Pagels<\/p>\n<p>Minnesord Arne Grilmlund av Klas Wennerberg<\/p>\n<p>&nbsp;<\/p>\n","protected":false},"excerpt":{"rendered":"<p>Av: Br\u00e4kne-Hoby Samh\u00e4lls- och Hembygdsf\u00f6rening<\/p>\n","protected":false},"featured_media":776,"template":"","meta":[],"product_cat":[52,82],"product_tag":[281,282],"class_list":{"0":"post-783","1":"product","2":"type-product","3":"status-publish","4":"has-post-thumbnail","6":"product_cat-bocker","7":"product_cat-brakne-harad","8":"product_tag-brakne-hoby","9":"product_tag-hoby","11":"first","12":"outofstock","13":"shipping-taxable","14":"purchasable","15":"product-type-simple"},"_links":{"self":[{"href":"https:\/\/www.blekingesf.se\/bokhandel\/wp-json\/wp\/v2\/product\/783"}],"collection":[{"href":"https:\/\/www.blekingesf.se\/bokhandel\/wp-json\/wp\/v2\/product"}],"about":[{"href":"https:\/\/www.blekingesf.se\/bokhandel\/wp-json\/wp\/v2\/types\/product"}],"wp:featuredmedia":[{"embeddable":true,"href":"https:\/\/www.blekingesf.se\/bokhandel\/wp-json\/wp\/v2\/media\/776"}],"wp:attachment":[{"href":"https:\/\/www.blekingesf.se\/bokhandel\/wp-json\/wp\/v2\/media?parent=783"}],"wp:term":[{"taxonomy":"product_cat","embeddable":true,"href":"https:\/\/www.blekingesf.se\/bokhandel\/wp-json\/wp\/v2\/product_cat?post=783"},{"taxonomy":"product_tag","embeddable":true,"href":"https:\/\/www.blekingesf.se\/bokhandel\/wp-json\/wp\/v2\/product_tag?post=783"}],"curies":[{"name":"wp","href":"https:\/\/api.w.org\/{rel}","templated":true}]}}