{"id":805,"date":"2017-12-24T06:03:49","date_gmt":"2017-12-24T06:03:49","guid":{"rendered":"http:\/\/www.blekingesf.se\/bokhandel\/?post_type=product&#038;p=805"},"modified":"2022-11-16T22:04:10","modified_gmt":"2022-11-16T22:04:10","slug":"solvesborgs-stad-bouppteckningar-1659-1900-samt-kamnarsrattens-protokoll-1698-1699","status":"publish","type":"product","link":"https:\/\/www.blekingesf.se\/bokhandel\/produkt\/solvesborgs-stad-bouppteckningar-1659-1900-samt-kamnarsrattens-protokoll-1698-1699\/","title":{"rendered":"S\u00f6lvesborgs stad Bouppteckningar 1659-1900 samt K\u00e4mn\u00e4rsr\u00e4ttens protokoll 1698-1699"},"content":{"rendered":"<h3>S\u00f6lvesborgs stad Bouppteckningar 1659-1900 samt K\u00e4mn\u00e4rsr\u00e4ttens protokoll 1698-1699<\/h3>\n<p>S\u00f6lvesborg den lilla medeltida staden med stadsjordar och tr\u00e4dg\u00e5rdar \u00e4nda in till torget, alla dessa jordar n\u00e4mns vid namn, som ex. Riddar Bahns lycka, Bernalyckan och Kjellslyckan. H\u00e4r fr\u00e5n staden har inv\u00e5nare emigrerat till Danmark, Tyskland, Amerika och Australien. De som stannar kvar \u00e4r osthandlare, handskmakare och tunnbindare samt tj\u00e4nstem\u00e4n av alla slag. En s\u00f6lvesborgares sl\u00e4kt sprider sig \u00e5t sydv\u00e4st, via Ivetofta och vidare ner till de stora st\u00e4derna i Sk\u00e5ne. en och annan \u00f6stbleking och Karlskronabo f\u00f6rekommer dock.<\/p>\n<p>Levereras p\u00e5 CD\/DVD eller s\u00e5 kan man f\u00e5 den skickad till sig som s\u00f6kbar pdf-fil.<\/p>\n","protected":false},"excerpt":{"rendered":"<p><span style=\"color: #ff0000;\"><strong>Nytt pris!<\/strong><\/span>\u00a0<del>350kr<\/del> 275 kr<\/p>\n","protected":false},"featured_media":806,"template":"","meta":[],"product_cat":[53,83],"product_tag":[283,284,124],"class_list":{"0":"post-805","1":"product","2":"type-product","3":"status-publish","4":"has-post-thumbnail","6":"product_cat-cddvd","7":"product_cat-listers-harad","8":"product_tag-bouppteckningar","9":"product_tag-kamnarsrattens-protokoll","10":"product_tag-solvesborg","12":"first","13":"instock","14":"shipping-taxable","15":"purchasable","16":"product-type-simple"},"_links":{"self":[{"href":"https:\/\/www.blekingesf.se\/bokhandel\/wp-json\/wp\/v2\/product\/805"}],"collection":[{"href":"https:\/\/www.blekingesf.se\/bokhandel\/wp-json\/wp\/v2\/product"}],"about":[{"href":"https:\/\/www.blekingesf.se\/bokhandel\/wp-json\/wp\/v2\/types\/product"}],"wp:featuredmedia":[{"embeddable":true,"href":"https:\/\/www.blekingesf.se\/bokhandel\/wp-json\/wp\/v2\/media\/806"}],"wp:attachment":[{"href":"https:\/\/www.blekingesf.se\/bokhandel\/wp-json\/wp\/v2\/media?parent=805"}],"wp:term":[{"taxonomy":"product_cat","embeddable":true,"href":"https:\/\/www.blekingesf.se\/bokhandel\/wp-json\/wp\/v2\/product_cat?post=805"},{"taxonomy":"product_tag","embeddable":true,"href":"https:\/\/www.blekingesf.se\/bokhandel\/wp-json\/wp\/v2\/product_tag?post=805"}],"curies":[{"name":"wp","href":"https:\/\/api.w.org\/{rel}","templated":true}]}}