{"id":833,"date":"2018-01-25T17:54:12","date_gmt":"2018-01-25T17:54:12","guid":{"rendered":"http:\/\/www.blekingesf.se\/bokhandel\/?post_type=product&#038;p=833"},"modified":"2025-02-26T19:55:59","modified_gmt":"2025-02-26T19:55:59","slug":"berattelser-och-handelser-fran-var-hembygd","status":"publish","type":"product","link":"https:\/\/www.blekingesf.se\/bokhandel\/produkt\/berattelser-och-handelser-fran-var-hembygd\/","title":{"rendered":"Ber\u00e4ttelser och h\u00e4ndelser fr\u00e5n v\u00e5r hembygd"},"content":{"rendered":"<h3>Ber\u00e4ttelser och h\u00e4ndelser fr\u00e5n v\u00e5r hembygd<\/h3>\n<p>Artiklar:<\/p>\n<p>Kalkning av Stora Angsj\u00f6n<\/p>\n<p>Vad d\u00f6ljer sig i backen<\/p>\n<p>Hur l\u00e5ng tillbaka minns man<\/p>\n<p>Det g\u00e5r inte alltid som man t\u00e4nkt<\/p>\n<p>Det var en hemlig plats i socknen<\/p>\n<p>Tv\u00e4r kurva med fri hastighet<\/p>\n<p>Barnmorskan Emma Olsson av Jaina Karlsson<\/p>\n<p>Midsommar vid Backaryds skola<\/p>\n<p>Kvarnar och s\u00e5gverk i Vieryds\u00e5n<\/p>\n<p>J\u00e4rnv\u00e4gslinjen Bred\u00e5kra-Tingsryd<\/p>\n<p>&nbsp;<\/p>\n","protected":false},"excerpt":{"rendered":"<p>Av: G\u00f6sta Hedlund<\/p>\n","protected":false},"featured_media":834,"template":"","meta":[],"product_cat":[52,85],"product_tag":[285],"class_list":{"0":"post-833","1":"product","2":"type-product","3":"status-publish","4":"has-post-thumbnail","6":"product_cat-bocker","7":"product_cat-medelstads-harad","8":"product_tag-backaryd","10":"first","11":"outofstock","12":"shipping-taxable","13":"purchasable","14":"product-type-simple"},"_links":{"self":[{"href":"https:\/\/www.blekingesf.se\/bokhandel\/wp-json\/wp\/v2\/product\/833"}],"collection":[{"href":"https:\/\/www.blekingesf.se\/bokhandel\/wp-json\/wp\/v2\/product"}],"about":[{"href":"https:\/\/www.blekingesf.se\/bokhandel\/wp-json\/wp\/v2\/types\/product"}],"wp:featuredmedia":[{"embeddable":true,"href":"https:\/\/www.blekingesf.se\/bokhandel\/wp-json\/wp\/v2\/media\/834"}],"wp:attachment":[{"href":"https:\/\/www.blekingesf.se\/bokhandel\/wp-json\/wp\/v2\/media?parent=833"}],"wp:term":[{"taxonomy":"product_cat","embeddable":true,"href":"https:\/\/www.blekingesf.se\/bokhandel\/wp-json\/wp\/v2\/product_cat?post=833"},{"taxonomy":"product_tag","embeddable":true,"href":"https:\/\/www.blekingesf.se\/bokhandel\/wp-json\/wp\/v2\/product_tag?post=833"}],"curies":[{"name":"wp","href":"https:\/\/api.w.org\/{rel}","templated":true}]}}

Berättelser och händelser från vår hembygd

<h3>Berättelser och händelser från vår hembygd</h3>
<p>Artiklar:</p>
<p>Kalkning av Stora Angsjön</p>
<p>Vad döljer sig i backen</p>
<p>Hur lång tillbaka minns man</p>
<p>Det går inte alltid som man tänkt</p>
<p>Det var en hemlig plats i socknen</p>
<p>Tvär kurva med fri hastighet</p>
<p>Barnmorskan Emma Olsson av Jaina Karlsson</p>
<p>Midsommar vid Backaryds skola</p>
<p>Kvarnar och sågverk i Vierydsån</p>
<p>Järnvägslinjen Bredåkra-Tingsryd</p>
<p>&nbsp;</p>

<p>Av: Gösta Hedlund</p>
